 the prime factors of 131407762.
2, 19, 3458099
List the prime factors of 113245044.
2, 3, 11, 397, 2161
What are the prime factors of 27965228?
2, 761, 9187
What are the prime factors of 60557302?
2, 13, 1129, 2063
List the prime factors of 31950622.
2, 11, 1452301
List the prime factors of 61310331.
3, 163, 13931
List the prime factors of 1377503393.
7, 29, 6785731
List the prime factors of 2624695086.
2, 3, 13, 33649937
What are the prime factors of 112638053?
11, 163, 5711
List the prime factors of 7695012812.
2, 1923753203
What are the prime factors of 141730189?
141730189
What are the prime factors of 867887108?
2, 11, 19724707
What are the prime factors of 204359202?
2, 3, 53, 214213
What are the prime factors of 874011658?
2, 13, 53, 634261
List the prime factors of 12260239.
12260239
What are the prime factors of 94934818?
2, 11, 4315219
List the prime factors of 196136887.
4217, 46511
What are the prime factors of 2607757541?
31, 47, 1021, 1753
List the prime factors of 66691443.
3, 7, 13, 244291
List the prime factors of 877013206.
2, 41, 10695283
List the prime factors of 312948199.
53, 5904683
List the prime factors of 118753411.
7, 2423539
List the prime factors of 49273025.
5, 1970921
What are the prime factors of 457559481?
3, 149, 479, 2137
List the prime factors of 1533602159.
37, 61, 679487
List the prime factors of 3701417141.
3701417141
List the prime factors of 331459925.
5, 13258397
What are the prime factors of 16770819?
3, 13, 487, 883
What are the prime factors of 25996087?
13, 101, 1523
List the prime factors of 395222865.
3, 5, 26348191
List the prime factors of 513774592.
2, 19, 26407
List the prime factors of 258693627.
3, 23, 3749183
What are the prime factors of 24540901?
7, 11, 318713
List the prime factors of 10304306.
2, 5152153
What are the prime factors of 1776825451?
19, 93517129
What are the prime factors of 57603409?
57603409
List the prime factors of 143625229.
11, 13056839
List the prime factors of 608407356.
2, 3, 17, 29, 102841
What are the prime factors of 1851815088?
2, 3, 19, 225611
What are the prime factors of 133445799?
3, 89, 107, 173
List the prime factors of 22724767.
13, 17, 31, 107
List the prime factors of 599842923.
3, 53, 571, 6607
What are the prime factors of 2138508555?
3, 5, 5077, 28081
List the prime factors of 40509160.
2, 5, 73, 13873
What are the prime factors of 48302724?
2, 3, 4025227
What are the prime factors of 83362506?
2, 3, 13893751
List the prime factors of 1563923240.
2, 5, 11, 97, 36643
List the prime factors of 8345335.
5, 157, 10631
What are the prime factors of 101810293?
13, 31, 257, 983
What are the prime factors of 67545155?
5, 13509031
What are the prime factors of 74689776?
2, 3, 7, 8233
List the prime factors of 6664990086.
2, 3, 97, 3817291
What are the prime factors of 113214558?
2, 3, 18869093
List the prime factors of 130503655.
5, 79, 330389
What are the prime factors of 74968526?
2, 5867, 6389
List the prime factors of 39221308.
2, 7, 199, 7039
What are the prime factors of 116628766?
2, 58314383
What are the prime factors of 346019925?
3, 5, 19, 43, 5647
What are the prime factors of 56315203?
7, 17, 53, 8929
What are the prime factors of 476315845?
5, 19, 5013851
List the prime factors of 688962165.
3, 5, 45930811
List the prime factors of 458795733.
3, 11, 3359, 4139
List the prime factors of 1382081758.
2, 61, 11328539
List the prime factors of 5746638605.
5, 17, 233, 290161
What are the prime factors of 116928587?
103, 1135229
What are the prime factors of 76920856?
2, 907, 10601
List the prime factors of 88005079.
1117, 78787
List the prime factors of 146828035.
5, 29365607
What are the prime factors of 12471302?
2, 17, 59, 6217
List the prime factors of 305702535.
3, 5, 20380169
List the prime factors of 150445433.
43, 281, 12451
What are the prime factors of 1189279852?
2, 297319963
What are the prime factors of 169739920?
2, 5, 7, 19, 43, 53
What are the prime factors of 99067759?
7, 37, 53, 1031
What are the prime factors of 2601100166?
2, 7, 773, 240353
What are the prime factors of 41572587?
3, 7, 113, 17519
What are the prime factors of 54647331?
3, 18215777
List the prime factors of 30695405.
5, 13, 73, 6469
List the prime factors of 3340630343.
359, 853, 10909
What are the prime factors of 69206770?
2, 5, 23, 41, 179
List the prime factors of 800195549.
800195549
What are the prime factors of 148272446?
2, 7, 1381, 7669
List the prime factors of 7696846507.
7, 53, 20746217
What are the prime factors of 6009896422?
2, 19, 158155169
What are the prime factors of 11011438?
2, 5505719
What are the prime factors of 351745669?
11, 29, 59, 1699
What are the prime factors of 1034869935?
3, 5, 11, 23, 272693
What are the prime factors of 83888487?
3, 3106981
List the prime factors of 42662975.
5, 31, 55049
What are the prime factors of 4792534?
2, 137, 17491
List the prime factors of 2570456024.
2, 1231, 261013
What are the prime factors of 2132652633?
3, 710884211
List the prime factors of 3052888432.
2, 11, 31, 559547
What are the prime factors of 3783162628?
2, 7, 4733, 28547
What are the prime factors of 726323171?
7, 103760453
What are the prime factors of 119572250?
2, 5, 7, 43, 227
List the prime factors of 56086916.
2, 101, 138829
What are the prime factors of 67041268?
2, 7, 17, 127, 1109
List the prime factors of 107735559.
3, 4363, 8231
What are the prime factors of 53263414?
2, 17, 1566571
List the prime factors of 468038961.
3, 13, 31, 43, 3001
List the prime factors of 91982694.
2, 3, 139, 110291
What are the prime factors of 97826563?
211, 463633
What are the prime factors of 1550717749?
7, 1531, 2953
What are the prime factors of 1869287363?
103, 18148421
List the prime factors of 1920997819.
13, 11366851
What are the prime factors of 3184666237?
1987, 1602751
List the prime factors of 2695601327.
113, 23854879
What are the prime factors of 40760968?
2, 17, 23, 83, 157
What are the prime factors of 296966751?
3, 19, 5209943
List the prime factors of 385338223.
97, 691, 5749
What are the prime factors of 493281475?
5, 101, 195359
What are the prime factors of 1753175?
5, 23, 3049
What are the prime factors of 22187867?
13, 53, 32203
List the prime factors of 389122198.
2, 67, 2903897
List the prime factors of 26376740.
2, 5, 13, 101449
List the prime factors of 184737744.
2, 3, 37, 34673
What are the prime factors of 63916050?
2, 3, 5, 11, 38737
List the prime factors of 366307333.
7, 52329619
List the prime factors of 1837079905.
5, 53, 6932377
What are the prime factors of 428034765?
3, 5, 28535651
What are the prime factors of 1255830027?
3, 418610009
What are the prime factors of 790305855?
3, 5, 19, 2773003
List the prime factors of 16677057.
3, 47, 118277
What are the prime factors of 2883563927?
2883563927
What are the prime factors of 2347008766?
2, 1173504383
What are the prime factors of 112127924?
2, 137, 204613
List the prime factors of 66361452.
2, 3, 19, 31, 41, 229
What are the prime factors of 2129634348?
2, 3, 6547, 27107
List the prime factors of 38110567.
11, 313, 11069
List the prime factors of 106427138.
2, 73, 728953
What are the prime factors of 252480632?
2, 31560079
What are the prime factors of 3073136986?
2, 43, 1693, 21107
What are the prime factors of 79288367?
271, 292577
List the prime factors of 163705315.
5, 32741063
List the prime factors of 182116101.
3, 883, 68749
List the prime factors of 86007403.
17, 5059259
What are the prime factors of 2713866083?
19, 1657, 86201
What are the prime factors of 85446011?
7, 1483, 8231
What are the prime factors of 40613477?
73, 83, 6703
List the prime factors of 1878913635.
3, 5, 1229, 101921
List the prime factors of 551544120.
2, 3, 5, 463, 1103
List the prime factors of 918463326.
2, 3, 11, 1265101
List the prime factors of 224969221.
383, 587387
What are the prime factors of 1885985656?
2, 3527, 66841
List the prime factors of 134625353.
53, 61, 41641
List the prime factors of 39465008.
2, 11, 224233
List the prime factors of 2712626694.
2, 3, 19, 131, 191, 317
What are the prime factors of 179448942?
2, 3, 29908157
List the prime factors of 107632542.
2, 3, 17, 433, 2437
What are the prime factors of 1509140334?
2, 3, 13, 19347953
List the prime facto